ighest common divisor of 40 and w?
40
Suppose 29*i - 25*i = -5*j + 23, -i = 3*j - 18. Calculate the highest common divisor of 47 and j.
1
Let k = 20462 + -19879. What is the highest common divisor of 2597 and k?
53
Let x(i) = 6*i**2 - 54*i - 107. Let l be x(-2). Suppose -4*d + d - 4*m + 3225 = 0, -5*m = 0. What is the highest common factor of d and l?
25
Suppose -3180 = -23*x + 3*x. Suppose 6*j - x = 2*j - 3*w, -35 = -j + 4*w. Calculate the highest common divisor of j and 143.
13
Suppose 130 = 4*j + 138, -38 = -2*s + 3*j. Calculate the highest common factor of 144 and s.
16
Suppose 5*a - 17*y = -14*y - 1406, 3*y - 286 = a. Let g = a + 282. What is the highest common factor of g and 27?
1
Let x = 33596 + -33528. What is the highest common factor of 68 and x?
68
Let z(y) be the first derivative of 17*y**2/2 - 232*y + 142. Let i be z(16). What is the greatest common divisor of i and 25?
5
Suppose 17*g + 22 = 56. Let i = 932 + -914. Calculate the greatest common factor of i and g.
2
Let v = 756 + -416. What is the highest common factor of v and 20?
20
Suppose -3*t - 551 = -4*k, -6*t = -2*k - 11*t + 243. Suppose -64 = -k*w + 133*w. What is the greatest common divisor of 208 and w?
16
Suppose 4 = -4*c - 0*c, 4*c - 348 = -4*h. Calculate the highest common divisor of h and 1628.
44
Let u(o) = -32*o - 2364. Let x be u(-74). Calculate the greatest common factor of x and 3778.
2
Let q = 60 - 18. Suppose 11*t = -84 + 216. What is the greatest common divisor of q and t?
6
Let p(t) be the second derivative of -t**3/2 - 3*t**2/2 + 9*t. Let i be p(-3). What is the highest common divisor of i and 6?
6
Suppose 0 - 8 = -2*f. Let m = 96 + -15. Suppose m = f*p - 47. Calculate the greatest common divisor of 288 and p.
32
Let r be 6/(-4)*(-2)/(-3). Let p be r/2 - (-452)/8. Suppose -5*x = -5*j - 715, -5*j = -346*x + 345*x + 155. Calculate the highest common factor of p and x.
28
Suppose 77*l + 9179 = 33126. Calculate the greatest common divisor of 3 and l.
1
Let n = -392 + 400. Suppose -n*f + 168 = -f. What is the highest common divisor of 126 and f?
6
Let r be (0 - 1)*(-26*3 - 8). Let s(x) = 56*x - 9. Let z be s(4). What is the highest common factor of r and z?
43
Let g be (-3 - 1)*115/(-20). Let u be (4 - 1 - 2)*115. What is the highest common factor of u and g?
23
Suppose 0 = -0*k - 4*k + 2*w + 2690, 3*w + 15 = 0. Calculate the highest common factor of k and 10.
10
Suppose v = -0*j + 3*j - 1790, 2*j + 3*v - 1197 = 0. Let i = j + -465. What is the highest common divisor of 616 and i?
44
Let p = 8480 + -7899. Calculate the highest common divisor of p and 1411.
83
Let w = 128 + -350. Let c = -178 - w. Calculate the highest common divisor of 24 and c.
4
Let n = 389 - 384. Suppose -4*x + n*y - 1 = -32, x + y - 10 = 0. Suppose -192 = -2*d + b - 4*b, 2*d - 4*b = 206. What is the highest common divisor of x and d?
9
Let q = -10441 - -10525. What is the highest common divisor of 2919 and q?
21
Let p be (-1005)/(-12) - 2/(-8). Suppose 54*o - 1038 - 474 = 0. Calculate the highest common factor of o and p.
28
Let c(h) = -9715*h + 701. Let y be c(-2). What is the greatest common factor of 41 and y?
41
Let l(w) = 50*w + 5 - 6*w - 5 + 11. Let k = -312 - -317. Let d be l(k). What is the highest common divisor of 33 and d?
33
Let l be -1 - (1/1 + -154). Suppose -450*n + 228 = -895*n + 457*n. Calculate the greatest common divisor of n and l.
19
Suppose -3*c = 141 - 726. Suppose -3*g + 246 = 3*l, -g - 3*l + 75 = -15. Calculate the highest common factor of c and g.
39
Let c(x) = 3*x**2 - 11*x + 10. Suppose 0 = v + 1 + 8. Let n be c(v). Let q = 53372 - 53328. What is the greatest common divisor of n and q?
44
Suppose -a - 304 + 317 = 0. Suppose -1001 - 1729 = -a*q. What is the highest common divisor of q and 30?
30
Suppose 7*s + 5 = 40. Let n be -63*(10/(-3))/s. Calculate the greatest common divisor of n and 14.
14
Let x(v) = -2*v**3 - 59*v**2 - 432*v - 22. Let l be x(-19). Let f(r) = 6*r**2 + r - 2. Let h be f(3). What is the greatest common divisor of h and l?
55
Suppose 20*y = 16*y - 80. Let n be 76 + 4/y + 12/(-15). What is the highest common factor of 75 and n?
75
Let q(t) = -41*t + 1401. Let l be q(5). What is the highest common divisor of l and 104?
52
Let c(q) = 162*q**3 + q**2 - 2*q + 1. Let n be c(1). Suppose 203*r - 49735 - 18809 = 50*r. Suppose 11*s + n = r. What is the greatest common factor of s and 13?
13
Let m(h) = -106*h + 1160. Let j be m(-42). What is the greatest common divisor of j and 92?
92
Let u = -401 - -404. Let r be ((-2)/u)/(7/(-1596)*4). What is the greatest common divisor of r and 722?
38
Suppose 70 = 8*a - 10. Let s = 105 - 98. Suppose 0 = -2*k + s*k + 5*c - 160, -52 = -2*k + 4*c. Calculate the greatest common factor of a and k.
10
Let x be (556/(-14))/(((-1)/(-4))/(266/(-152))). Calculate the greatest common factor of 2 and x.
2
Let f be (-4 - -2 - 7)*1/3. Let v be f + -1 - (1 - 17). Let d be (-109)/(-3) + (-3)/9. Calculate the greatest common divisor of v and d.
12
Let x(y) = y**3 + 25*y**2 - 4*y + 592. Let d be x(-26). Calculate the highest common factor of d and 24.
4
Let v = 555 + -551. Suppose -3*u - 413 - 9 = -5*a, -v*a - 5*u = -308. What is the highest common divisor of 4 and a?
2
Suppose 25*m - 20*m = -4*f + 1749, 2*m = 5*f + 660. What is the greatest common factor of 1173 and m?
69
Let w(h) = 79*h - 679. Let u be w(10). Calculate the highest common factor of u and 27.
3
Suppose 0 = 17*f - 22*f + 2*i + 51, -15 = 5*i. Let t be 1*(-3)/(f/(-66)). Calculate the greatest common factor of t and 18.
2
Let t be -1 + -3 + (-1 - -6). Let z be (0 + t)/(3 - (-2 + 4)). Let r be z*7/(14/18). What is the highest common factor of 1 and r?
1
Let z be 4*-1*(2 - 10). Let t(j) = -j**2 + 16*j - 54. Let p be t(7). Suppose -p*l - 1 = -37. What is the highest common divisor of z and l?
4
Let f = -2 - -2. Suppose -2*a + 100 + 54 = f. Suppose -82*r = -66*r - 112. What is the greatest common divisor of a and r?
7
Suppose 15*r + 40 = 20*r. Suppose 0 = -3*h + 2 + 88. Let o be (-4)/h + 96/45 - -18. What is the greatest common divisor of o and r?
4
Suppose -1013 = -16*b + 13*b + x, -5*b + 4*x = -1700. What is the greatest common factor of 63 and b?
21
Let x = 6862 - 6067. Calculate the highest common factor of x and 7420.
265
Let g(s) be the first derivative of -1/3*s**3 - 11/2*s**2 - 1 + 18*s. Let o be g(-11). What is the highest common divisor of 36 and o?
18
Let k = -459 + 776. Let t = -302 + k. Calculate the greatest common divisor of t and 135.
15
Let z = 1964 + -88. Calculate the greatest common factor of 56 and z.
28
Suppose 20 = -5*q + 6*q + h, -2*q + 40 = 4*h. Suppose -10*f - 70 = -q*f. What is the highest common factor of 203 and f?
7
Let x = -6859 + 7076. Calculate the greatest common divisor of x and 147.
7
Let o be (-29094)/(-169) - (1 - (-11)/(-13)). What is the highest common factor of o and 2021?
43
Let d be 2/2 - (-18 + (0 - -13)). Let o be (6 + 248 - -8)/(d/21). Calculate the highest common divisor of 7 and o.
7
Let h(d) = 14*d + 10. Let w(q) = 29*q + 20. Let o(t) = 5*h(t) - 3*w(t). Let a be o(-5). Let l = a - 39. Calculate the highest common divisor of 54 and l.
18
Let h = -147 + 154. Let q(n) = 23*n**2 - 4*n + 8. Let a be q(3). What is the highest common divisor of a and h?
7
Let r be ((-16)/(-12))/(-4)*-216. Let p = 252 - r. Let b(j) = 19*j**2 + 1. Let x be b(-1). What is the greatest common factor of x and p?
20
Suppose 3*q = -3*z + 36, -106*z + 3 = -105*z + 4*q. Suppose 6 - 30 = -8*u. Calculate the highest common factor of u and z.
3
Suppose -4*x - 4 + 228 = -208. Calculate the highest common factor of 7884 and x.
108
Let f = -18 - -36. Let b = -350 + 556. Let m = -116 + b. Calculate the highest common factor of f and m.
18
Suppose -2840 = 15*p - 12883 - 17497. What is the greatest common divisor of 96 and p?
12
Suppose 11*j - 2*f = 7*j + 636, -4*f = -4*j + 632. Suppose 0 = -89*d + 91*d - j. Let l be 1 - ((-1)/1 + -8). What is the greatest common factor of l and d?
10
Let i(b) = b**2 - 18*b - 60. Let r be i(-4). Suppose 0 = 3*k - 2*p - 2106, 2*k - 4*k + 4*p + 1412 = 0. Calculate the highest common divisor of r and k.
28
Let m = 21587 - 21566. Calculate the greatest common factor of m and 41727.
21
Suppose 0 = -8*y + 10386 - 4242. What is the greate